 (-10)/65. What is the units digit of ((-3)/2)/(s/2)?
3
Let n = 11 - 9. Let q(r) = 7*r**2 - r + 3. What is the tens digit of q(n)?
2
Suppose -2*a = -p - 7*a + 61, -4*p - 3*a + 176 = 0. What is the tens digit of p?
4
Suppose 6*x + 55 = 3*x - 2*w, 2*w + 10 = 0. What is the units digit of (-5)/x - (-22)/6?
4
Let m(u) = -u**2 - 7*u - 3. Let g be m(-6). Suppose t - 20 = -3*t, 2*t = -g*z + 106. What is the tens digit of z?
3
Let j = 734 - 523. What is the hundreds digit of j?
2
Let r = 8 + -6. Suppose v = r + 10. What is the tens digit of v?
1
Suppose -o = 2*o - 9. Let j = o + -5. What is the units digit of (-3 + 2)/1 - j?
1
Let f(j) = j**3 - 4*j**2 + 2*j + 1. Let d be f(4). Suppose 3*q + 0 = d. Suppose 3*a = -0*a + q*o + 30, 2*a - o = 15. What is the units digit of a?
5
What is the units digit of ((-16)/(-5))/(2/5)?
8
What is the tens digit of 10 + 9*(-4)/(-12)?
1
Let k = 2 - -3. Suppose 22 = 3*v - k. What is the units digit of v?
9
Let i be 1 - (0 - -5)*3. Let j be 88/i + 8/28. Let z(w) = -w + 2. What is the units digit of z(j)?
8
Let p(q) = -13*q + 3. What is the units digit of p(-6)?
1
Let r(n) be the first derivative of 11*n**2/2 - n - 1. Let b be (-8)/(-3) + 14/(-21). What is the tens digit of r(b)?
2
Suppose h + 4*u - 149 = 0, 3*h + u = -4*u + 461. What is the units digit of h?
7
Let i(d) = d**3 + 2*d - 2. Let m = 5 - 3. What is the tens digit of i(m)?
1
Suppose 25 = p - l - 2*l, -2*l = -2*p + 30. Let y = p - -24. What is the units digit of y?
4
Suppose -n + 6*n = -20. Let y(f) = -f**2 - 6*f - 2. What is the units digit of y(n)?
6
Suppose -3*h - 4*z + 5*z = -423, 0 = -z + 3. What is the tens digit of h?
4
Suppose u - 291 = -2*g - 3*g, 3*g - 170 = 4*u. What is the units digit of g?
8
Suppose 3*f = -4*t + 555, -2*f - 665 = -2*t - 3*t. What is the units digit of t?
5
Let c(a) = -a**2 + 13*a + 5. Let m(k) = k**2 - 7*k + 10. Let p be m(7). What is the tens digit of c(p)?
3
Suppose -w - 5*j = -30, -1 + 6 = 2*w - j. Suppose -w*m + 66 = -4. What is the tens digit of m?
1
Let o(a) = a**2 - a + 2. What is the units digit of o(-9)?
2
What is the units digit of -2 - (-102 - 5/(-5))?
9
Let f = 4 - -1. Suppose -154 = -f*z + 2*v, -2*z + 6*v + 55 = 3*v. What is the units digit of z?
2
Suppose -5*k - 7 - 12 = -a, -a - 1 = -k. What is the units digit of 188/12 + 4/a?
5
Suppose -3*b + 4 + 5 = 0. Suppose b*z = 6*z - 15. Suppose -6*r + z*c = -3*r - 6, r - c = 2. What is the units digit of r?
2
Suppose -3*x - 2*f + 13 = 0, -2*x + 3 = 4*f - 3. Let t(q) = q**2 - 3*q - 6. What is the units digit of t(x)?
4
Suppose -5*c - 52 = -9*c. What is the units digit of c?
3
Let k = -19 - -23. What is the units digit of k?
4
Suppose 0*z = 3*z - 81. Let t = z + -9. What is the units digit of t?
8
Suppose -5*l = -10, h + 2*h - 1 = -5*l. Suppose 0 = -f - 3*i + 2, -4*i = -7*i. What is the units digit of f - (2 - 1)*h?
5
Let l(u) = 4*u**2 - 4*u. What is the units digit of l(-2)?
4
Suppose 3*o - 33 = -2*a + 9, a - 24 = -3*o. What is the tens digit of a?
1
Let p(s) = -3*s + 19*s + 3*s - 3*s. What is the tens digit of p(1)?
1
Suppose 12 = 2*w + b, -2*w + 3 = -b - 5. What is the units digit of w?
5
Suppose 0 = 4*a - 8. Suppose -2*c + 2*r = 2, -a*r + 3 = 5*c - 3*r. Suppose -2*w + c = -13. What is the units digit of w?
7
Let p = 44 - 31. What is the units digit of (-8)/(-52) + 453/p?
5
Let z(c) = 3*c + 3. Let s(h) = h + 1. Let w(g) = -4*s(g) + z(g). Let k be w(-5). Let l = k - 3. What is the units digit of l?
1
Let t(r) = 0*r**2 - r + 8*r**2 - r**2 + 2*r**2. What is the tens digit of t(-2)?
3
Suppose -2*t = 4*i - 26, 3*t - 2*i = -i + 4. Suppose 0 = 3*a - 0 - t. What is the units digit of a?
1
Let y = 8 - -4. What is the tens digit of (32/6)/(4/y)?
1
Let c = -76 - -85. What is the units digit of c?
9
Suppose 3 = 3*n - 6, 0 = a - 5*n + 18. Let d be a/((-82)/76 + 1). Suppose -d + 14 = -3*g. What is the units digit of g?
8
Let z = -3 + 5. Suppose -4*a + 12 = 4*y, 3*a - z*a - 4*y - 3 = 0. What is the units digit of -2*1 + 0 + a?
1
Let v(m) = -m**3 + 12*m**2 - 4*m - 8. What is the units digit of v(11)?
9
Suppose -5*g - 22 = 3*l, -3*l + 2*g - 5*g - 12 = 0. Let v be (l/(4 + -3))/(-1). Let f = 12 + v. What is the units digit of f?
1
Let t = 64 + -54. What is the units digit of t?
0
Suppose 0 = -r + 5 - 3. Let u(k) = 4*k**2 + k**3 + 2 - 5*k + r + 0. What is the units digit of u(-5)?
4
Suppose 5*l = -5*r + 4*l + 18, -4*l = -2*r - 6. Suppose -z = -r - 5. What is the units digit of z?
8
Suppose -7 = -3*j + 20. What is the units digit of j?
9
Suppose 0 = 2*c - m - 55, 3*m + 0*m + 78 = 3*c. What is the tens digit of c?
2
Suppose -4 + 106 = 3*p. What is the units digit of p?
4
Suppose 2*m = 4*m. Suppose 0 = -m*l + 2*l - 10. What is the units digit of l?
5
Let j be (-3)/((2/(-3))/2). Suppose -3*d + j - 3 = 0. What is the units digit of d?
2
What is the units digit of ((-978)/8)/((-15)/40)?
6
Suppose -6*k = -8*k + 16. What is the tens digit of (18/k)/((-5)/(-80))?
3
Let p = -47 + 122. What is the tens digit of p?
7
Let a(k) = -7*k**3 + 2*k**2 - 2*k - 27. Let v(x) = -3*x**3 + x**2 - x - 13. Let z(c) = 2*a(c) - 5*v(c). Suppose -5*y = -0*y. What is the units digit of z(y)?
1
Let t(i) = i + 11 - 11. Let n(g) = 8*g**2 + g + 1. Let b be n(-1). What is the units digit of t(b)?
8
Suppose 548 = -2*x + 4*x. What is the units digit of x?
4
Suppose m + 4*r - 352 = -2*m, 4*m + 2*r = 476. What is the units digit of m?
0
Let a(d) = 2*d - 4. Let u be a(4). Suppose u*x - 3*t = -0*x - 3, 1 = -2*x + t. What is the units digit of 2 + (x/(-3))/(-2)?
2
Suppose -2*b + 3*m - 42 = -4*b, 42 = 2*b + 5*m. Let f(h) = -h - 4. Let u be f(8). What is the units digit of (-6)/(b/u + 1)?
8
What is the tens digit of 1/(46/22 - 2)?
1
Let t(c) be the second derivative of c**5/20 - c**3/6 + 11*c**2/2 - 4*c. Let u = 0 - 0. What is the units digit of t(u)?
1
Let t = 5 - 3. Suppose 0 = t*d - 22 - 2. What is the units digit of d?
2
What is the hundreds digit of (1 - (-1206)/30)/((-2)/(-5))?
1
Suppose -n = 3*n - 228. Suppose 5*l - q = -4*q + 95, -4*q + n = 3*l. Suppose -9 - l = -2*b. What is the units digit of b?
4
Let k(t) = 3*t + 1. Let u = 0 - -4. What is the tens digit of k(u)?
1
Let v = 1 + 6. Let w(i) = -i**2 + 8*i - 8. Let d be w(6). Let u = v - d. What is the units digit of u?
3
Let o(v) be the third derivative of 0 + 0*v**4 + 0*v + 1/60*v**5 + 2*v**2 + 5/3*v**3 + 1/120*v**6. What is the units digit of o(0)?
0
Let v(g) = g**2. Let c be v(0). Let q be (-1 + c)*(-11 + 2). Suppose 3*d - 9 = q. What is the units digit of d?
6
Let o = 46 + -15. What is the tens digit of o?
3
Suppose 5*a + b = -97 + 891, -3*a - 3*b = -486. What is the tens digit of a?
5
Let n(r) = -r**2 - 3*r. Let m be n(-3). Let s be 2 - m/1 - -1. Suppose -s*t + 4 = -17. What is the units digit of t?
7
Suppose 3*g + 9 = 0, -5*u = 2*g + 11 - 30. What is the units digit of u?
5
Let c = -66 + 120. What is the units digit of c?
4
Let z(v) = -2*v**3 + 3*v**2 - v - 2. Let k be z(2). What is the units digit of (0 - -2) + (0 - k)?
0
Suppose 4*j - 259 + 107 = 0. Let t = -2 + j. Let s = t + -26. What is the units digit of s?
0
Suppose l = -4*h - l - 114, 0 = -5*h - l - 138. Let g be (-234)/h - 2/(-6). What is the tens digit of 3*(-12)/g*-4?
1
Suppose -2*j + 58 = -42. What is the units digit of j?
0
Let n(p) = 2*p + 4. Let q be n(4). Let v = 20 - q. What is the units digit of v?
8
Let s(k) = k**2 - k - 2. Let l be s(-2). Let t(d) = 3*d - 2. Let z be t(3). Suppose 5*p - j = 40, z*j + 29 = 2*p + l*j. What is the units digit of p?
7
Let o = 358 + -154. What is the tens digit of o?
0
Let p = 4 - 4. Suppose -3*u - u = p. Suppose r = 4*s - u*r - 38, -3*r = 3*s - 21. What is the units digit of s?
9
Let t = -10 - -15. Suppose -2*q - 5*g + 13 = 0, -2*g = -t*g - 3. Let d = -7 + q. What is the units digit of d?
2
Suppose 2*u + 2*u - 20 = -4*g, 14 = 4*u + g. Suppose u*w - 60 = -12. What is the units digit of w?
6
Suppose 2*m - 109 = -41. What is the tens digit of m?
3
Let f(n) = n**3 - 5*n**2 - 2*n + 3. Let k be f(5). What is the tens digit of (k - -5)/((-2)/11)?
1
Suppose 4*a = -4*x - 25 - 63, 0 = -a. Let g = x - -31. Let o = 12 + g. What is the tens digit of o?
2
Suppose -3*f = -5*p - 30, p - f = 3*p + 1. Let h = p + 9. What is the units digit of h?
6
Let o(b) = 13*b - 9. Let j(l) = l - 1. Let z(